?
-11
Let c(r) = 5552*r - 42567. Determine c(7).
-3703
Let j(w) = -592*w**2 - 372968*w - 5044. What is j(-630)?
-4
Let p(x) = 31240*x + 47234878. Give p(-1512).
-2
Let l(g) = 1656*g + 17568. Determine l(-11).
-648
Let d(j) = j**3 - 21*j**2 - 1885*j + 31411. Calculate d(16).
-29
Let p(w) = -281686*w + 1690122. Calculate p(6).
6
Let s(r) = -r**3 - 17*r**2 + 152*r + 2728. Determine s(-14).
12
Let j(k) = 462*k + 9820. What is j(-19)?
1042
Let s(u) = -41034*u - 1477220. Calculate s(-36).
4
Let n(k) = -k**2 + 338*k - 28307. What is n(154)?
29
Let p(n) = 281*n**2 - 416*n - 419. Calculate p(-1).
278
Let d(y) = -9*y**2 - 215*y + 50. Determine d(-26).
-444
Let u(d) = 4*d**2 - 112*d + 21. What is u(24)?
-363
Let q(u) = 69*u**2 + 294*u + 588. Calculate q(-2).
276
Let q(f) = -1070*f + 4289. Calculate q(4).
9
Let u(i) = -i**3 - 284*i**2 - 5*i - 1627. Determine u(-284).
-207
Let l(j) = -692*j + 51387. Determine l(75).
-513
Let r(n) = 3*n**2 + 82248*n - 246782. Calculate r(3).
-11
Let m(b) = 1163*b + 96522. What is m(-83)?
-7
Let p(n) = 2*n**3 - 121*n**2 + 1811*n + 147. Calculate p(33).
15
Let p(a) = 277*a**2 + 1693*a + 184. Calculate p(-6).
-2
Let s(o) = o**3 - 28*o**2 - 529*o + 12832. Determine s(32).
0
Let i(q) = -5*q**2 + 1163*q - 8258. What is i(225)?
292
Let h(g) = g**2 - 143*g + 1844. Determine h(51).
-2848
Let u(g) = g**3 + 21*g**2 - 428*g - 5680. Give u(-29).
4
Let m(i) = -i**2 - 12459*i - 2872641. What is m(-235)?
-1
Let v(t) = 3*t**2 - 242*t - 128. Give v(81).
-47
Let s(a) = 5*a**2 - 41*a + 62. What is s(4)?
-22
Let f(t) = -793*t - 4969. Calculate f(-9).
2168
Let j(p) = 83*p + 203. Give j(13).
1282
Let k(j) = j**3 + 265*j**2 + 15004*j - 176. Calculate k(-183).
190
Let c(i) = -2611*i**3 - 32*i**2 - 28*i + 2. Give c(-1).
2609
Let i(d) = 7*d**2 - 176*d + 584. Determine i(20).
-136
Let x(q) = -7*q**2 + 783*q + 871. Determine x(116).
-2493
Let t(w) = 579*w**3 - 38*w**2 - 56*w + 35. Give t(-2).
-4637
Let a(i) = 3*i**2 - 29873*i - 329011. Calculate a(-11).
-45
Let u(l) = l**3 + 116*l**2 + 745*l - 1962. Calculate u(-109).
0
Let j(t) = -887*t + 1847. Calculate j(2).
73
Let f(o) = -360*o - 89880. Determine f(-248).
-600
Let v(n) = 1028*n + 54432. Calculate v(-53).
-52
Let o(a) = 697195*a + 21613042. Calculate o(-31).
-3
Let t(u) = -4*u**2 - 621*u - 4575. What is t(-148)?
-283
Let y(z) = -6*z**3 + z**2 + 63*z + 336. Give y(-6).
1290
Let o(s) = 14*s**3 - 81*s**2 - 123*s + 11. What is o(7)?
-17
Let d(p) = 62*p**2 - 334*p - 1669. Determine d(-5).
1551
Let x(v) = 14*v**2 + 1819*v + 8306. What is x(-125)?
-319
Let a(h) = h**3 - 57*h**2 - 245*h + 10750. Determine a(58).
-96
Let d(w) = 20*w - 2668. Determine d(-14).
-2948
Let w(r) = 944*r - 105733. What is w(112)?
-5
Let l(t) = -t**3 - 53*t**2 - 646*t - 634. Determine l(-36).
590
Let b(l) = -2*l**3 - 127*l**2 - 1789*l + 706. What is b(-42)?
-8
Let r(y) = y**3 + 1052*y**2 + 6329*y - 81. What is r(-6)?
-399
Let m(a) = -a**3 - 12*a**2 - 68*a - 165. Calculate m(-4).
-21
Let u(a) = -301*a + 9269. Calculate u(34).
-965
Let p(c) = -c**3 + 71*c**2 + 93*c - 1511. What is p(72)?
1
Let b(n) = -3*n**2 - 2114*n + 10630. Give b(5).
-15
Let g(s) = -10*s**3 + 14*s**2 - 672*s - 688. Give g(-1).
8
Let y(l) = -l**2 + 9931*l + 3027193. What is y(-296)?
1
Let m(u) = 2779*u - 914132. Give m(329).
159
Let r(f) = 134*f - 457. What is r(12)?
1151
Let c(n) = 3*n**2 + 194*n - 2994. Give c(-84).
1878
Let d(g) = 2*g**3 - 8*g**2 - 137*g + 879. Calculate d(6).
201
Let s(g) = 2*g**3 + 25*g**2 + 62*g + 576. Determine s(-14).
-880
Let i(n) = 1448*n + 4264. What is i(-3)?
-80
Let u(x) = -3*x**3 + 1747*x**2 + 8208*x + 5868. Calculate u(587).
-2
Let t(l) = -11*l**3 + 126*l**2 - 76*l + 223. Determine t(11).
-8
Let q(d) = 2*d**3 + 264*d**2 + 472*d - 6261. Determine q(-130).
-21
Let s(n) = -662*n + 6114. Give s(9).
156
Let t(s) = 2*s**3 + 19*s**2 + 248*s + 1768. Determine t(-8).
-24
Let c(t) = -124*t**3 + 2*t**2 + 49*t + 48. Give c(-1).
125
Let u(p) = 3*p**2 - 10737*p - 64408. What is u(-6)?
122
Let w(a) = -10*a**3 - a**2 + 118*a - 116. What is w(1)?
-9
Let f(p) = -35*p**3 - 841*p**2 - 16*p + 15. What is f(-24)?
-177
Let i(f) = -26878*f + 510708. Calculate i(19).
26
Let k(s) = s**2 + 50*s + 268. Give k(-35).
-257
Let p(v) = v**2 + 25*v - 169. Calculate p(13).
325
Let v(b) = -b**3 + 72*b**2 - 620*b. Determine v(62).
0
Let i(k) = -42*k**2 + 244*k + 343. Calculate i(7).
-7
Let t(l) = 24*l**2 + 279*l + 1116. Give t(-5).
321
Let i(a) = -1271*a + 29286. Calculate i(23).
53
Let v(s) = 24*s**3 - 527*s**2 - 11*s - 295. What is v(22)?
-53
Let t(p) = -p**3 + 21*p**2 - 180*p + 1089. Calculate t(10).
389
Let n(t) = -7204*t - 33062. Give n(-5).
2958
Let j(n) = -118*n**3 + 44*n**2 - 34*n - 4. Determine j(1).
-112
Let p(x) = 3*x**2 + 114*x - 1177. Calculate p(-48).
263
Let x(g) = -4*g**3 - 101*g**2 - 171*g + 25. Calculate x(-24).
1249
Let m(j) = -479*j - 37959. Determine m(-79).
-118
Let j(u) = 522*u - 68178. Give j(132).
726
Let b(v) = 9*v**2 + 203*v + 898. Calculate b(-6).
4
Let k(w) = 106*w - 23865. Determine k(226).
91
Let d(r) = 310*r**2 - 2437*r + 7. Determine d(8).
351
Let r(s) = -2013*s - 150966. Determine r(-75).
9
Let t(v) = -75939*v - 1670668. Determine t(-22).
-10
Let d(v) = -9544*v**2 - 324501*v - 174. What is d(-34)?
-4
Let p(j) = -41*j**2 + 3664*j + 7374. Determine p(-2).
-118
Let n(o) = 154*o - 52645. Determine n(342).
23
Let t(n) = -8*n**2 - 6950*n - 68730. Determine t(-10).
-30
Let b(i) = 244*i + 666. Determine b(-3).
-66
Let i(o) = -117*o**2 - 15447*o - 15720. What is i(-131)?
0
Let f(g) = 88*g - 20335. Determine f(231).
-7
Let s(w) = -4777*w - 998370. Give s(-209).
23
Let u(w) = -54*w**2 - 75*w + 112. Determine u(3).
-599
Let k(r) = 24*r**2 + 76*r + 426. What is k(-7)?
1070
Let n(o) = -16*o**2 - 373*o - 2171. Give n(-11).
-4
Let o(q) = -222049*q + 7771745. What is o(35)?
30
Let x(s) = 2536*s + 30346. What is x(-12)?
-86
Let b(c) = -c**3 - 178*c**2 + 126*c + 53625. What is b(-177)?
-6
Let l(m) = 132*m + 13625. What is l(-99)?
557
Let u(o) = -3*o**3 + 51*o**2 - 62*o + 348. Calculate u(16).
124
Let j(g) = 4*g**2 + 8955*g - 126139. Calculate j(14).
15
Let b(u) = 34*u**2 - 227*u + 884. Give b(4).
520
Let x(w) = w**3 - 72*w**2 + 728*w + 258. Calculate x(60).
738
Let k(c) = -47*c + 3083. Give k(68).
-113
Let p(z) = 9*z**2 + 824*z - 2228. Determine p(-94).
-160
Let s(m) = 2*m**2 - 2173*m + 81698. Give s(39).
-7
Let l(k) = -74*k + 1511. What is l(4)?
1215
Let p(l) = -l**3 + 51*l**2 - 715*l + 2533. Determine p(30).
-17
Let b(z) = -2*z**3 - 55*z**2 + 106*z + 580. Calculate b(-29).
29
Let k(t) = -t**3 + 196*t**2 - 9432*t - 230. Calculate k(111).
103
Let x(c) = 100*c - 8839. What is x(89)?
61
Let x(z) = 7*z**3 - 106*z**2 + 35*z + 61. What is x(15)?
361
Let k(w) = -10*w**2 - 1780*w + 67181. Give k(32).
-19
Let c(z) = 603*z - 7546. Determine c(13).
293
Let n(c) = 106*c - 4636. Give n(49).
558
Let k(r) = r**2 + 656*r - 56501. Give k(77).
-60
Let h(p) = -4*p**3 + 3*p**2 - 20*p + 85. What is h(3)?
-56
Let h(s) = 17*s**2 + 161*s - 1159. Give h(8).
1217
Let i(j) = 172*j - 13467. Give i(75).
-567
Let p(f) = -2*f**2 + 11*f - 46. What is p(0)?
-46
Let d(v) = -6*v**2 - 138*v - 62. Determine d(-26).
-530
Let g(x) = 153*x**2 - 630*x - 12. Calculate g(3).
-525
Let t(q) = 2*q**2 - 12807*q - 76951. Calculate t(-6).
-37
Let h(i) = -i**3 + 315*i**2 - 340*i + 8119. Determine h(314).
-45
Let p(s) = 6*s**2 - 5464*s - 60822. Give p(-11).
8
Let h(x) = -247*x**3 + 9*x**2 - 148*x - 151. What is h(-1)?
253
Let a(z) = -93*z**3 - 6*z**2 + 467*z + 954. Calculate a(-2).
740
Let n(m) = -7*m**3 + 120*m**2 - 75*m + 471. Determine n(17).
-515
Let h(t) = -609*t**2 - 2458*t - 6. What is h(-4)?
82
Let i(p) = -p**2 - 923*p + 157307. Calculate i(147).
17
Let m(b) = -b**2 - 883*b - 89799. Give m(-117).
-177
Let s(j) = -48011*j - 4224955. Determine s(-88).
13
Let u(p) = p**3 + 4*p**2 - 245*p - 1859. Determine u(-12).
-71
Let l(k) = k**3 - 10*k**2 - 26*k + 259. Give l(6).
-41
Let u(x) = -2*x**2 + 2015*x - 8104. Give u(4).
-76
Let g(y) = -19686*y - 2460748. Determine g(-125).
2
Let d(j) = -2*j**3 + 232*j**2 - 4916*j - 942. Determine d(88).
114
Let h(l) = -242*l + 6199. What is h(24)?
391
Let q(p) = -135*p**2 + 2263*p + 6794. Calculate q(-3).
-1210
Let v(k) = -103572*k + 828587. What is v(8)?
11
Let b(